nd f?
12
Let v(h) = 42*h**2 + 709*h + 102. Let b be v(-17). Suppose -55 = x - 6*x. What is the highest common factor of x and b?
11
Suppose -6*w = -54 - 0. Suppose -l - 3*p - 1 = -w, 16 = 4*l - 4*p. Let n be (-2)/l*130/(-13). Calculate the greatest common divisor of 2 and n.
2
Let h(p) = 6*p - 6. Let y be h(-5). Let g = 177 - 106. Let o = y + g. Calculate the greatest common factor of o and 35.
35
Suppose 0 = 5*t - 2 - 2748. Let m(l) = -6*l**2 + 22*l + 570. Let j be m(-8). What is the greatest common divisor of j and t?
10
Let k = -231 + 233. Let n be ((-28)/49)/(k/(-70)). What is the greatest common divisor of 30 and n?
10
Let p = 96 - 93. Let m(y) = 11*y**3 + 27*y**p - 10*y**3. Let t be m(1). What is the highest common factor of 42 and t?
14
Let v(l) = 2*l - 3 + 4 - 3 - 2. Let q be v(5). Let b = 583 - 581. Calculate the greatest common divisor of b and q.
2
Suppose 94*d = 117*d - 7383. What is the highest common divisor of 11984 and d?
107
Let w be 30004/16 + (-1)/4. Suppose 7*x + 111 = w. Let h be ((-6)/(-8))/(7/x). Calculate the highest common divisor of h and 108.
27
Let y be 4*-1 - 224/(-8). Suppose -5*t + 12 = -3. Let r = y - t. Calculate the greatest common factor of r and 84.
21
Let c be -8 + (-177 + 9)/(-8)*358/6. Calculate the greatest common divisor of c and 498.
249
Suppose -5*p = -j + 46, -14 = -3*j + 20*p + 104. Calculate the greatest common factor of j and 30228.
66
Let z be 9/(9/116) + -4. Let p be (z/32)/((-1)/(-2)). Suppose 3*a - 23 = p. Calculate the greatest common divisor of 40 and a.
10
Suppose 14*t - 15 = 9*t. Let i be (-280)/30 - (-1)/t. Let y be 20/90 - 619/i. Calculate the greatest common divisor of 46 and y.
23
Suppose -2*x = -n - 7 - 84, -2*x + 121 = 5*n. Let r be (-2 - -10)/((-1)/(-14)*7). What is the greatest common factor of x and r?
16
Let p(g) = g**2 - g - 36. Suppose -5*j = -2*i - 14, 6*i + j = i - 89. Let v be p(i). Let r be 6/27 - 1209/(-27). What is the highest common factor of r and v?
45
Let y be 4/(-60) - -5*17652/900. Calculate the highest common divisor of 32438 and y.
98
Suppose -18 + 40 = -2*z. Let i(m) = -20*m + 165. Let n be i(z). Calculate the highest common factor of n and 308.
77
Let s(w) = -754*w - 75. Let m be s(-4). What is the greatest common factor of 51 and m?
17
Let b(w) = -2*w + 27. Let z be b(11). Suppose z*k = -3*k + 2*k. Let i(a) = a**2 + 3. Let g be i(k). What is the highest common divisor of 3 and g?
3
Let m be 3245 - -403 - (8 + 0). What is the highest common factor of m and 154?
14
Let i(z) = 2*z - 51. Let c be i(29). Suppose 0 = 2*s - c*s + 1425. Calculate the highest common factor of s and 19.
19
Let z(r) = r**3 - 9*r**2 - 6*r - 3. Let u be 5 + 4 - (-1 - 0). Let o be z(u). Let v = o - 29. What is the highest common divisor of v and 4?
4
Suppose 5*d - 660 - 800 = 0. Let b = d - 283. Calculate the greatest common divisor of 207 and b.
9
Let y = -9970 - -10218. What is the highest common factor of 152 and y?
8
Let l(a) = -a**2 - 5*a + 24. Let z be l(-7). Suppose z*u = 8*u. Suppose u = -4*y - 7 + 27, -3*v - y = -77. What is the greatest common factor of 192 and v?
24
Suppose -4*i + 3*v + 5 = 0, -3*i - 2*v + 18 + 7 = 0. Suppose -2082 + 12482 = 65*u. Calculate the highest common divisor of i and u.
5
Let z(u) = -130*u + 4. Let y be z(1). Let f be (-1 - y)*(23/(-5) + 5). Calculate the greatest common divisor of f and 450.
50
Suppose -t - 2*c + 546 = 0, -1077 = -2*t - 3*c + 4*c. What is the greatest common factor of 30 and t?
30
Suppose 104*c = -124*c + 44*c + 93840. Calculate the highest common factor of 714 and c.
102
Let w(p) = p**3 - 10*p**2 + 9. Let u = 2 - -8. Let o be w(u). Let t = 2523 + -2442. Calculate the greatest common factor of t and o.
9
Let k(f) = -7*f - 149. Let z be k(-22). Let g be z + (5 + 83 - (-12)/(-4)). Suppose -8 = -3*p + 46. Calculate the highest common divisor of g and p.
18
Let h = -11135 - -11648. Calculate the greatest common divisor of 95 and h.
19
Suppose -8 = 3*c - 7*c. Let o(d) = 18*d**2 + 4*d + 19*d**3 - c*d - 15*d**2. Let n be o(2). Calculate the greatest common factor of 21 and n.
21
Let g be 1/(-4) - 39/(-12). Let o = g + -1. Suppose 69*z - 6*z - 1008 = 0. What is the highest common divisor of o and z?
2
Suppose -1820 = -l - 2*y, -3*l - 1507 = -2*y - 7007. What is the greatest common divisor of 210 and l?
30
Suppose y = 4, 5*x = 5*y + 646 - 206. What is the greatest common divisor of x and 1196?
92
Let v(p) = p**3 - 38*p**2 + 474*p - 42. Let b be v(14). Calculate the greatest common factor of b and 84.
42
Let h = -1 + 1. Let a(d) = d + 12. Let x be a(h). Suppose -5*i = -4*s - 30 + 8, -26 = -5*i + 2*s. Calculate the greatest common divisor of x and i.
6
Let h = 247 + -267. Let z be (3 + 5/h)/(6/96). Let a be (-6340)/(-18) + (-4)/18. What is the greatest common factor of a and z?
44
Let m be 5 - 440/80 - 21/(-2). Calculate the greatest common divisor of 4770 and m.
10
Suppose -39*v + 5*v = 24*v - 8004. What is the highest common factor of 897 and v?
69
Let a be (-92)/3 + 1/(-3). Let f = a - -31. Suppose -z - 4*p = -4*z + 42, f = -2*z - p + 39. Calculate the greatest common divisor of 72 and z.
18
Let l(b) = -521*b - 1572. Let x be l(-6). What is the greatest common factor of 42 and x?
42
Suppose 873*m = 875*m - 66. What is the highest common factor of m and 242?
11
Let j = 14515 - 13920. What is the greatest common factor of j and 1615?
85
Let b = -26 + 82. Suppose -2*i = b - 104. What is the highest common factor of 160 and i?
8
Let p(r) = -5*r + 27. Let l be p(0). Let k(x) = x**3 + 5*x**2 + 3. Let m be k(-5). What is the highest common divisor of m and l?
3
Let s = 85 + -67. Let o be 13/2 - (s/4 + -3). Suppose o*p - 13 = 57. What is the greatest common divisor of p and 126?
14
Let a be -4 - (-4 + (-415)/5). Let u = 171 - a. Calculate the highest common divisor of u and 484.
44
Suppose -3*x = 2*i - 2885, 7209 = 5*i + 2*x + 2*x. Calculate the greatest common factor of i and 66.
11
Let u(o) = 11*o + 7. Let d be u(7). Suppose 2260 = 97*z + 1096. What is the highest common divisor of z and d?
12
Suppose -7 + 7 = 33*q. Suppose -2*d = q, 5*a - 3*a + 5*d - 48 = 0. Calculate the highest common factor of a and 16.
8
Suppose 337 = -9*f + 409. Let b = -4 + 6. Suppose 3*n + 4*d = -f, 0 = -3*n + n + b*d + 18. What is the highest common divisor of 6 and n?
2
Suppose -5*h + 1283 + 79 = 3*t, h - 272 = -t. Let s = -243 + h. Calculate the highest common factor of s and 210.
30
Suppose 0 = k - t - 8, -195*k + 30 = -192*k + 3*t. Calculate the highest common divisor of k and 516.
3
Suppose 1870 = 11*z - 3927. Calculate the greatest common factor of z and 62.
31
Let q = 152 - 101. Let f be q - (-6)/(-2) - -1. Suppose -190*t = -184*t - 42. What is the greatest common factor of t and f?
7
Let g = 12259 + -12246. Calculate the highest common divisor of g and 6071.
13
Let v(b) = b**3 + 13*b**2 - 11*b + 59. Let d be v(-14). What is the highest common factor of d and 2159?
17
Suppose -h + 2*q + 71 = 0, -h = 9*q - 14*q - 65. Calculate the highest common factor of h and 735.
15
Let b(w) = w**3 + 12*w**2 + 6*w - 35. Let z be b(-11). Suppose -3*c = 53*v - 50*v - 66, -5*v = -2*c + 65. What is the highest common divisor of z and c?
5
Suppose 242937 - 76888 = 241*w. What is the greatest common divisor of 52 and w?
13
Let w(o) = -o**3 + 20. Let l be w(0). Suppose 5*m + 150 = 11*m. Let j be 10 - m/5*1. Calculate the greatest common factor of j and l.
5
Let o(n) = 3*n**3 - 38*n**2 - 15*n + 34. Let k be o(13). What is the highest common divisor of k and 198?
2
Let w be (-4)/18 - (-73304)/441. Suppose w*n - 1782 = 157*n. What is the greatest common factor of 72 and n?
18
Suppose 5*d = d + 184. Let v be ((-872)/22)/(-2) - 10/(-55). Let p be v/1*(-23)/(-2). Calculate the highest common factor of p and d.
46
Let d = 100 - 57. Let t = d - 19. Suppose -488*m + 501*m = 104. Calculate the greatest common divisor of m and t.
8
Let v(h) = -13*h**3 - 40*h**2 - 3*h + 6. Let q be v(-3). Suppose 4*l = -0*l + 116. Let s = l - 14. Calculate the highest common divisor of s and q.
3
Suppose -3*w + 3*m = -210, -4*w + 386 - 116 = -2*m. Let c = w + -51. What is the greatest common factor of 42 and c?
14
Let u = -428 - -463. Suppose -u*s - 297 = -38*s. What is the highest common factor of 9 and s?
9
Let 